s)?
16
Let q(a) be the second derivative of 31*a - 1/12*a**4 - 2 - 9*a**2 + 11/6*a**3. Determine q(8).
6
Let j(i) = -6*i + 141. Let x(f) = -f**3 + 33*f**2 - 265*f + 87. Let k be x(13). What is j(k)?
9
Let x(m) be the second derivative of m**3/6 + 3*m**2/2 - m. Let o(z) = -29*z - 259. Let h be o(-11). Suppose -h = -32*v - 252. What is x(v)?
-3
Let i(r) be the second derivative of -3*r**5/20 - 2*r. Let n = 114 - 106. Suppose n*f = 20*f - 12. Calculate i(f).
-3
Let m(i) be the second derivative of i**4/12 - 7*i**3/6 + 2*i**2 + 26553*i. Suppose -3*l = 2*l - 30. Determine m(l).
-2
Suppose 5*q = q + 24. Let b(y) = 2*y**2 + 16*y + 9. Let v(t) = t**2 + 10*t + 5. Let z(h) = 4*b(h) - 7*v(h). Give z(q).
1
Let a(f) = f**3 - 8*f**2 - 2*f + 4. Suppose 2276 = 5*j - 304. Let o be 1/5 - j/(-20). Suppose -4*h + 6 = -o. Give a(h).
-12
Let o(c) = -c**3 - 32*c**2 - 2*c - 66. Suppose -5*a = -7*p + 4*p - 141, 7*a = -2*p - 1. Calculate o(p).
-2
Let c(l) = -22*l**2 + l. Suppose 9*q + 5*y = 12*q - 113, y + 162 = 4*q. Suppose -q*g = 38 + 3. Calculate c(g).
-23
Let b be (2 - -400) + 55/(-11). Let u(a) = -1 + 396*a + 9*a**2 - 795*a + b*a + 0 + 0*a**2. Let t be 1 + -1 + -1 - 0. Calculate u(t).
10
Let w be -3 - (-2 - -12)/(-5). Let o be ((-39)/9 - -4)/(w/30). Let h = o - 10. Let g(c) = c**3 - c**2 + 2. Calculate g(h).
2
Let i be (2*4/(-24))/(3/(-18)). Let o(m) = 2*m - m**i - 1 - 4*m + 2. Suppose 0 = 6*g + 20 + 10. Calculate o(g).
-14
Let l(g) = 16*g + 7. Let i be 2/5 - ((-42)/(-30) - -5). Let z(c) = -30*c - 14. Let o(n) = i*z(n) - 11*l(n). Determine o(-5).
-13
Let n(d) be the third derivative of -3/8*d**4 + 2/3*d**3 + 20*d**2 + 1/60*d**5 + 0 + 0*d. Calculate n(8).
-4
Suppose -11*j + 29 = -4*x, -3*x = -3*j + 8 - 2. Let c(s) = -s**3 + 4*s**2 - s + 6. Calculate c(j).
12
Let v(y) = -y**2 - 10*y + 13. Suppose 5*t - a = 30, -2*a + 7 + 3 = 4*t. Suppose 5*z = 0, r - 5*z - t = -14. What is v(r)?
22
Let f(v) = 2*v + 3. Suppose -203*i - 154 = -217*i. Let m(r) = -10*r - 16. Let c(y) = i*f(y) + 2*m(y). Give c(-5).
-9
Suppose -14*q + 46 = -15*q. Let f = 49 + q. Let k(l) = l**2 + l - l**2 + l**2 + 4*l**f. Give k(-1).
-4
Let u(v) = 3 + 0*v + 0 + 2*v. Let g(h) = h**2 - 13*h + 39. Let l be g(9). Suppose -l - 45 = 16*r. What is u(r)?
-3
Let h(p) = 91*p - 155. Let r(q) = -75*q + 124. Let f(a) = -9*h(a) - 11*r(a). What is f(-5)?
1
Suppose -6*f + 50 = -f. Suppose -340 - 510 = f*r. Let p = r - -81. Let z(v) = v**3 + 4*v**2 - 2*v - 1. Give z(p).
7
Suppose -3*n + 1 + 38 = -3*c, -54 = 4*c - 3*n. Let y = -12 - c. Let d(w) be the third derivative of w**4/8 + 15*w**2 - w. Determine d(y).
9
Suppose -112 = -5*j + 4*s, 131 - 33 = 4*j + s. Let p be 4/((-64)/j*3/(-4)). Let q be 4 + ((-2 + 0)/p)/(-1). Let c(k) = -k + 7. Give c(q).
2
Let x(m) be the first derivative of -m**4/4 + 5*m**3/3 - 5*m**2/2 + 3*m - 1001. Give x(2).
5
Let s(r) = 3*r - 12*r**2 - r**3 - 13*r**2 + 21*r**2 - 3 + 4 + 17*r**2 - 10*r**2. Suppose 3*b - 2*v - 2*v = 9, -b + 3 = 4*v. Give s(b).
10
Suppose 0 = -3*f - 945 + 933. Let d(o) = 2*o**3 + 4*o**2 + o + 11. Let q(p) = p**3 + 2*p**2 + 5. Let x(r) = 6*d(r) - 13*q(r). What is x(f)?
9
Let m = 6 + -4. Let r(g) be the second derivative of 5*g**3/6 - g**2/2 + 11854*g. Calculate r(m).
9
Let r(h) = 2 - 4 - 336*h - 347*h + 682*h. Suppose 18 = 4*a - i, 5*a - 4*i - 16 - 12 = 0. Determine r(a).
-6
Let b be 10/(-15)*(26/(-234))/((-6)/(-27)). Let q(x) be the third derivative of 0*x + 0 + 2*x**2 - 1/60*x**5 + 1/8*x**4 + b*x**3. Give q(3).
2
Let p(b) = 105*b + 7. Let g(t) = -368*t - 23. Let v(l) = 2*g(l) + 7*p(l). Suppose 3*x + 0*z + 15 = -3*z, -5*x - z = 13. Let j be 5/(15/9) - x. What is v(j)?
-2
Let h(q) = -89*q**3 + 196*q**2 + 50*q + 14. Let t(o) = 25*o**3 - 55*o**2 - 14*o - 4. Let n(k) = 9*h(k) + 32*t(k). Suppose 4 = -0*u + u. Give n(u).
6
Let g(t) = 7*t + 1. Let p(n) = 2*n + 1. Let k(a) = 6*a + 5. Let b(z) = k(z) - 5*p(z). Let h(o) = -5*b(o) - 3*g(o). What is h(3)?
-6
Suppose 0 = q - 4*x + 6, q = 3*q + 4*x. Let f be (-1 - 0)/(4/32*q). Let p(y) = 6 - 2 - y**2 - 6*y + f*y. Give p(3).
-11
Let i(l) be the third derivative of l**7/840 + l**6/36 + 7*l**5/120 - 3*l**4/8 - 10*l**3 + 154*l**2. Let t(u) be the first derivative of i(u). Calculate t(-9).
9
Let n(b) = -b**3 - 7*b**2 - 7*b - 6. Let c be (2 - 18/4)*12/(-6). Suppose -2*t - 3*z - 2*z = -3, -33 = 3*t - c*z. Give n(t).
0
Let d(x) be the first derivative of -2*x**2 - 2/3*x**3 + 1/24*x**4 - 1/60*x**5 + 12 + 0*x. Let y(g) be the second derivative of d(g). What is y(0)?
-4
Let o(k) = 5*k + 10. Suppose f = j + 12, -f + 14 = -5*j - 2. Suppose -5*h - 24 = f. Determine o(h).
-25
Let a be 6*8/16 - (-93 - -2). Let u = a - 100. Let h(r) = 2*r**2 + 8*r - 4. What is h(u)?
20
Let q(p) = p**3 + 7*p**2 + 4*p + 4. Let m be 370/(-296)*(-4)/1. Let z be 3 + m + (-7 - 6). Give q(z).
34
Suppose -12 = -11*l + 5*l. Let j be -3 - -10*l/4. Let c(b) = 5 - j*b - 24 + 6 + 3*b**2 + 14. Determine c(2).
9
Let k(a) = -2 - a**2 + 28807*a + 2*a**2 - 28804*a. Let z(g) = 2*g + 6. Let o be z(-6). Give k(o).
16
Let n(c) = c**2 + 6*c - 2. Let t be n(0). Suppose -z + 5*z - 8 = 0. Let r(j) = 4 + 0*j - 6*j - 2 + z*j. What is r(t)?
10
Let t be -3*1/(3/2). Let o(n) = -203*n + 1. Let d(m) = -456*m + 3. Let r(x) = 4*d(x) - 9*o(x). What is r(t)?
-3
Let u(c) = -8*c**2 - 125*c - 27 + 150*c + 5*c**2 + 2*c**2. Calculate u(24).
-3
Let z(g) = g**3 - 4*g**2 - g + 3. Suppose 0 = 5*p + 7*i - 11*i + 708, 5*p + 690 = -5*i. Let j = -136 - p. What is z(j)?
-1
Let t(b) = -21*b + 534. Let d(n) = 7*n - 159. Let v(w) = -7*d(w) - 2*t(w). What is v(15)?
-60
Let q(r) be the first derivative of r**4/2 - r**3/3 + 3*r**2/2 + 3*r + 39. Let l(j) = -j - 8. Suppose 2*z + 2*z + 24 = 0. Let o be l(z). Calculate q(o).
-23
Suppose -4*o = r - 33, 8*r = 5*o + 6*r - 25. Let n(j) = j. Let z = 28 - 32. Let l(w) = -w**3 + 6*w**2 + 13*w - 9. Let k(t) = z*n(t) + l(t). Give k(o).
5
Let s(c) = -123*c + 2. Let o(r) = -368*r + 7. Let p(z) = -o(z) + 3*s(z). Suppose 17 = 4*j - 27. What is p(j)?
-12
Let q(z) be the third derivative of z**5/60 - z**4/8 - 25*z**3/3 + 2*z**2 - 3*z + 155. Give q(-7).
20
Let t(f) be the first derivative of 9*f**4/2 + 2*f**3/3 - 5*f**2/2 + 3*f + 938. What is t(1)?
18
Suppose 251 - 275 = -8*q. Let i(t) = -3*t - 27. Let n(l) = -l - 13. Let z(y) = 3*i(y) - 7*n(y). Let g(s) = 2*s - 10. Let b(p) = q*z(p) + 4*g(p). What is b(7)?
4
Let m be ((-168)/(-196))/(1/245). Let s = m - 210. Let z(i) = -i**3 - i**2 - i - 5. Determine z(s).
-5
Let a(q) = -q**3 + 5*q**2 + 3*q + 6. Suppose 16*i + 8741 = 8805. What is a(i)?
34
Let v(t) = 116*t - 235*t + 118*t - 4. Suppose -n - 2*g = -1, 4*n = g - 4*g + 4. Let j(q) = 1. Let c(y) = n*v(y) + 2*j(y). Calculate c(-6).
4
Let p(w) = -w**3 - 3*w**2 + w + 1. Let x = 120 - 118. Let m be (-418)/(-99) + (-4)/18. Suppose 3*f - 15 + 4 = -m*b, x*f + b + 1 = 0. Give p(f).
-2
Let k(o) be the second derivative of 4*o**3/3 + 191*o**2/2 - 7032*o. What is k(-25)?
-9
Suppose -3 = -0*u + u - 2*c, 23 = -5*u + 2*c. Let i(a) = 46 + a**2 + 41 + 4*a + 39 + 40 - 172. Determine i(u).
-1
Let t be 9120/660 + (-9 - 2) - (-4)/22. Let j(w) = 6 + 0*w - 3 - 2*w. Determine j(t).
-3
Suppose -16 = -p - 3*p. Suppose -5*h + p = -4*g - h, -h = 4*g - 16. Let s(x) = -8*x + g*x - 4 + 4*x. What is s(3)?
-7
Let l(o) be the third derivative of o**5/60 - 3*o**4/8 + 11*o**3/3 + 3*o**2 + 110*o + 1. Calculate l(10).
32
Let d(t) = 2*t + 12. Let w be d(-6). Suppose -2*a + w*a = -28. Let s be 36/(-126) - 66/a. Let h(r) = r**3 + 4*r**2 - 6*r - 7. Determine h(s).
-2
Let b(j) = -4*j**2 - 15*j - 2. Let k(c) = -15*c**3 + 11*c**2 - 18*c + 19. Let f be k(1). Give b(f).
7
Let x(u) = u**2 + 4*u. Suppose -14*r = -29*r - 75. What is x(r)?
5
Let n(d) be the third derivative of -d**6/120 + d**5/60 + d**4/24 - 3*d**3 - 1154*d**2. What is n(0)?
-18
Let n(i) = 13*i + 2. Let w(c) = -60*c - 2. Let u(z) = 3*n(z) + w(z). Give u(-3).
67
Let s(z) be the first derivative of z**3/3 + z**2/2 - 4*z - 3679. Give s(3).
8
Let f(t) = -2*t + 32. Let g be (13 - -4*22/24)*6/5. Give f(g).
-8
Let r(i) be the first derivative of i - 3/2*i**2 + 7. Give r(-1).
4
Let f = 35 + -39. Let i be 5*(f + 164/40)*-14. Let k(j) = -j - 3. Calculate k(i).
4
Let y = 45875 - 45868. Let r(w) = -2*w**2 - 40*w + 375. Determine r(y).
-3
Let s = 288 - 286. Let h(b) = 8*b**3 + 1530*b**s - 1530*b*